lculate the greatest common divisor of 765 and t.
153
Suppose 0 = u + s - 136, -3*s + 6*s = 3*u - 372. What is the greatest common factor of u and 1664?
26
Let g = 593 + -581. Suppose 5*v = 9*v + g, a - 64 = -2*v. Calculate the highest common factor of 210 and a.
70
Let j = 6 + -20. Let p be (-66)/j - 8/(-28). Let z(q) = q**3 + 18*q**2 + 130*q + 1330. Let m be z(-15). Calculate the greatest common divisor of m and p.
5
Let g = 62 + -35. Suppose 5*i - 3*k = 417, -15*k = 3*i - 18*k - 255. What is the greatest common divisor of g and i?
27
Let g(j) = 4*j**2 - 3*j - 49. Let k be 56/(-12)*21/14. Let f be g(k). Calculate the highest common divisor of 72 and f.
24
Let i = -19 - -25. Let n be (9 + 798/(-98))/(4/658). Calculate the highest common factor of i and n.
3
Let h(g) = 23*g + 21. Let d(z) = z**2 - 8*z - 21. Let w be d(-3). Let k be h(w). What is the highest common divisor of 132 and k?
33
Suppose -2 = -y - 0*y. Let r(n) = 8*n + 3. Let k be r(-2). Let p = k - -21. Calculate the greatest common factor of p and y.
2
Suppose 9*y - 3*y = 132. Let a(c) = c**3 - 22*c**2 + 2*c + 82. Let l be a(y). What is the highest common factor of l and 98?
14
Suppose -2*n + 4*c + 2 = -0, -12 = -3*c. Suppose n*z - 9 = 36. Let p be -5 + 16 - (z - 1). What is the greatest common factor of 7 and p?
7
Let v = 3173 - 2680. What is the highest common divisor of 232 and v?
29
Suppose 0 = 5*i - 20*i + 1230. Suppose 0 = 3*r - 14*r + 22. Calculate the highest common factor of r and i.
2
Suppose -2*a + 10*a = 144. Let m be (-13 + 14)/(2/a). Let o(c) = 44*c**2 + 1. Let b be o(-1). Calculate the greatest common divisor of m and b.
9
Suppose 3*b - 255 = -2*m, -7*b - 425 = -12*b + 5*m. Suppose -5*a + 3*g - 100 = 0, 3*g - 4*g = 0. Let h = 14 - a. What is the greatest common divisor of b and h?
17
Let l = -126 + 39. Let y = l + 93. Calculate the greatest common factor of y and 54.
6
Suppose 113*w + 530 = 117*w - 5*k, -3*w + 5*k + 395 = 0. What is the highest common factor of 285 and w?
15
Let j = -542 - -1253. Let i = -214 + j. Calculate the highest common factor of i and 71.
71
Suppose -32 = 3*r - 6*r - 4*f, -2*f - 2 = -3*r. Suppose 21 - 69 = -r*v. What is the highest common divisor of 192 and v?
12
Let n = 2704 - 2692. What is the greatest common factor of 7188 and n?
12
Let b = 2357 - 1396. Suppose -5*l + 15*p + 1597 = 16*p, -b = -3*l - 2*p. What is the greatest common divisor of 29 and l?
29
Let c = 16790 + 32972. Calculate the greatest common factor of 278 and c.
278
Suppose 42*g + 121 = 41*g. Let x = -197 - g. Let y be x/(-6)*36/24. What is the highest common factor of y and 133?
19
Suppose -9*i = -10*i + 2. Calculate the greatest common factor of i and 1004.
2
Let s(r) = -1 + 30*r**2 + 3*r + 4 - 30*r - 10*r - 36*r**2. Let b be s(-6). Calculate the greatest common factor of b and 963.
9
Suppose 2*h = 5*i + 530, -2*i - 802 = -2*h - 266. What is the highest common divisor of h and 920?
10
Let b be (2 + 0)*5/10. Let p be 154 - b - (0 + 0). Let l be (4 - 24/108)/((-6)/(-27)). What is the greatest common divisor of p and l?
17
Suppose 0 = 2*m + 4*q - 308, -5*m = -4*q - 531 - 281. Let d be 42/5*m/48. Calculate the greatest common factor of d and 105.
7
Let x be (0 - -4494) + 1 + 3 + 54/(-6). Calculate the greatest common factor of x and 201.
67
Let z = -4924 - -5026. What is the greatest common factor of 340 and z?
34
Let m(n) = 16*n - 2. Let u be m(7). Suppose 29 = 2*f + 3*z, -2*f + 0*z + 32 = 4*z. Calculate the greatest common divisor of f and u.
10
Suppose 0 = 384*j - 418*j + 14960. What is the highest common divisor of 2970 and j?
110
Let d(u) = 93*u**2 + 1117*u + 16. Let s be d(-12). What is the highest common divisor of s and 964?
4
Let u = 84 + -38. Let v be 663/1326 + 3/(-12)*(-4 - 2). Calculate the highest common divisor of v and u.
2
Let r = -5361 - -5375. What is the highest common factor of 28112 and r?
14
Suppose 3*t + 5*g - 4716 = 0, -4*t - g + 3285 = -3003. Suppose -4*s + s + t = 0. Suppose -4*j + s = -84. Calculate the highest common divisor of 19 and j.
19
Suppose 243 = 4*h - 5*x, 2*x = -4*h + 3*x + 263. Suppose 0 = -2*i + 2*k - 7*k + h, -i + 14 = -4*k. Calculate the greatest common factor of 10 and i.
2
Let b(k) = 366*k + 57. Let u(y) = 549*y + 86. Let v(c) = -8*b(c) + 5*u(c). Let i be v(-2). What is the greatest common factor of i and 40?
20
Let k be (160/3)/(93/279). Calculate the greatest common factor of k and 416.
32
Suppose 0*b = 3*s - 3*b - 51, 3*b = 2*s - 36. Suppose -18 = -24*c + s*c. What is the greatest common divisor of 26 and c?
2
Let d = 33 - -36. Let y = -24 + d. Let r = -8 + 13. Calculate the greatest common factor of r and y.
5
Let g = 248 - 360. Let c = -40 - g. What is the highest common divisor of c and 27?
9
Suppose -2*m + 192 = -2*l, -3*l = 4*m - 5*m + 98. Let q = 115 - 77. What is the highest common factor of q and m?
19
Suppose 5*s + 4*q - 380 = 0, -18*s - q + 378 + 923 = 0. Calculate the highest common factor of s and 2718.
18
Let z be ((-22)/(-8))/(1/(-4)). Suppose -p + 3*u + 61 = 20, -3*u - 99 = -3*p. Let w = p + z. Calculate the highest common divisor of w and 12.
6
Let z = 0 + 48. Let w = 81 - z. Suppose -5*s = -5*m + 1170, m + 91 = 3*s + 331. Calculate the highest common factor of w and m.
33
Let c = -3862 + 4592. Calculate the greatest common factor of c and 1022.
146
Suppose 601 = t + o, 0 = 38*t - 42*t + 4*o + 2396. Calculate the highest common divisor of 6300 and t.
300
Let z be 5*-17*5/(150/(-54)). What is the greatest common divisor of 816 and z?
51
Suppose -1885 = 1300*p - 1304*p - 3*c, -3*p + c = -1404. What is the highest common divisor of 805 and p?
7
Let x(c) = c**2 - 187*c - 8218. Let j be x(-37). Calculate the greatest common divisor of 42 and j.
14
Suppose 5*k - 1155 = -4*j, -k - 595 = -2*j - 6*k. Calculate the highest common factor of j and 920.
40
Let k(d) = -6*d + 21. Let x be k(-7). Suppose -65*m + x*m + 910 = 0. Calculate the greatest common divisor of 182 and m.
91
Suppose -27 = -4*i - 3*f, -2*f = -3*f + 5. Suppose 5*k - 164 = -4*w, -18*w - i*k = -23*w + 168. What is the highest common factor of 42 and w?
6
Let g be (14/21)/(((-423)/60696)/(-47)). What is the greatest common factor of g and 32?
16
Suppose -29*s + 5020 = 380. Calculate the greatest common divisor of 64 and s.
32
Suppose 0 = -3*d + 8*k - 3*k + 10, 0 = 4*k + 8. Let p be -1 + d - (-13 + -2). Calculate the highest common factor of 154 and p.
14
Let w = 5 + -8. Let j be ((-15)/(-2))/(w/(-4)). Suppose -b = -4*s + 11 - 15, -4*b + 16 = 2*s. Calculate the highest common divisor of b and j.
2
Let r = 20804 - 15924. What is the greatest common divisor of r and 240?
80
Let k(y) = y**3 + y**2 - y. Let j be k(2). Let p be ((-285)/2)/(-3)*4. Let z = p + -160. What is the highest common divisor of j and z?
10
Suppose -5*v + 65 = 3*g + 26, -5*g + 39 = 4*v. What is the highest common divisor of 183 and v?
3
Let d(w) = -w**3 - 4*w**2 - 12*w - 7. Let p be d(-3). Suppose 0 = r - 5*r + p, 5*j - 80 = 3*r. What is the greatest common factor of 76 and j?
19
Let d = 3185 + -999. Let w = -1434 + d. What is the greatest common divisor of 16 and w?
16
Let v(k) = -2*k - 34. Let y be v(-18). Suppose -j + y*j = 3. Let z be 3 - (18/15)/(4/(-60)). What is the highest common factor of j and z?
3
Suppose c = -2*c + 2*y + 73, -5*y = -5. Let r = c - -60. Let l be ((-144)/10)/((-17)/r). Calculate the greatest common divisor of l and 9.
9
Let h = 38 - 39. Let o(k) = 3*k**2 + 2. Let q be o(h). Let f be 81/5 + q/(-25). Calculate the highest common divisor of f and 4.
4
Let a(l) = 8*l**3 - 8*l**2 + 7*l - 31. Let d be a(5). Suppose -13*z + d = 232. What is the greatest common divisor of 748 and z?
44
Let f be 6*((352/12)/4 - -2). Let d = 88 - f. What is the greatest common factor of d and 4?
4
Let s = 8 + -3. Suppose -2558*h + 798*h = -44000. Calculate the greatest common divisor of s and h.
5
Let h = -4 - -9. Let c(b) = b**2 + 6*b + 9. Let g be c(-3). Suppose 25 = s - 5*v, 0 = -g*s - 4*s + 5*v + 40. Calculate the highest common factor of s and h.
5
Let u be 207 + ((-1308)/108 - (-70)/63). Calculate the highest common divisor of u and 532.
28
Let q(g) = -1179*g - 435. Let m be q(-1). What is the greatest common factor of m and 1767?
93
Let k = -7019 + 7201. What is the greatest common di